c**2 - 42*c - 9. Let k(n) = 17*n**3 - 39*n**2 - 62*n - 14. Let y(o) = 5*k(o) - 7*l(o). What is y(14)?
-35
Suppose 8*i = 13*i. Let p(f) be the first derivative of 3*f**2/2 + 7*f + 3236. What is p(i)?
7
Let f(a) = -17 - 84*a - 11 + 26*a + 30*a + 29*a. What is f(28)?
0
Let w(v) = v**2 - 7*v. Let a(r) be the third derivative of r**5/20 - 7*r**4/8 - r**2. Let d = -426 - -429. Let p(q) = d*a(q) - 8*w(q). Calculate p(6).
-6
Suppose 35 = -33*h + 103 + 130. Let b(s) = -s**2 - s. Let p(c) = 4*c + 8. Let g(j) = b(j) + p(j). What is g(h)?
-10
Let d(u) = -3*u**3 - 22*u**2 + 3*u - 3. Let f(q) = -29*q**3 + 10*q**2 - 2*q + 2 + 92*q**3 - 28*q**3 - 34*q**3. Let p(w) = 2*d(w) + 5*f(w). Give p(6).
-20
Let m(g) be the second derivative of -g**5/20 - 2*g**4/3 + g**3/6 + 5*g**2 - 172948*g. Let v be (-2)/8 + 62/(-8). Calculate m(v).
2
Let n(z) = -3*z + 3. Let s(q) be the first derivative of -23*q**2/2 - 13*q + 3. Let i(p) = -4*n(p) - s(p). Determine i(1).
36
Let y(h) = -8*h + 35. Let x = -944 + 933. Let f(c) = 3*c + 12. Let u(n) = -7*n - 24. Let k(w) = 13*f(w) + 6*u(w). Let a(j) = x*k(j) + 4*y(j). What is a(-6)?
2
Let t(l) = l**2 - 6*l + 4. Let d(o) = 2*o - 15. Let g be d(9). Suppose b = g*i - 72, 5*i - b = -3*b + 120. Suppose -6*y = -2*y - i. Determine t(y).
4
Let v(a) = a**2 - 6*a - 8. Suppose 17*u - 86 - 84 = 0. Suppose -u*g - 46 + 136 = 0. Calculate v(g).
19
Let n(c) be the first derivative of 2*c**3 + 148 - 3/2*c**2 + c - 1/4*c**4. Determine n(2).
11
Let o(f) be the first derivative of 8 - 118*f**2 - 39 - 6 + 117*f**2. What is o(6)?
-12
Let i(d) = -d**3 + 25*d**2 - 61*d + 335. Let f be i(23). Let g(h) = h**3 + 11*h**2 + 10*h + 9. Give g(f).
9
Suppose 3*u - 13 = 2*q, -51 = -3*q - u - 65. Let r(f) = -9*f**2 - 9*f + 17. Let s(c) = 4*c**2 + 4*c - 8. Let k(j) = -3*r(j) - 7*s(j). Give k(q).
-15
Let b be 6 + (1/2)/((-1)/8). Let t(f) = 86*f + 7 - 8 + b*f**2 - 87*f. Suppose -3*y = -5*w - 14, y - 15 = 3*w - 3*y. Calculate t(w).
2
Suppose -3*k - 3*w = -2*k - 1, 7 = -k + 5*w. Let z(s) = 7*s - 8. Let i(t) = -14*t + 17. Let g(n) = k*i(n) - 5*z(n). Determine g(-5).
41
Let m(x) = x**2 + 22*x + 42. Let t be m(-20). Suppose -4*p - 2 = -a, -5*a = p - 4*a - t. Let g(u) = -u**2 - u + 1. Give g(p).
1
Let r(o) be the second derivative of -o**4/12 + 563*o - 2. Determine r(3).
-9
Suppose 16 = -108*o + 104*o. Let k(h) = -h**2 - 7*h - 6. Determine k(o).
6
Let s(h) = 7*h**3 - 17*h**2 + 15*h - 7. Let n(a) = 4*a**3 - 9*a**2 + 8*a - 4. Let i(p) = -5*n(p) + 3*s(p). Let l = -150 + 84. Let y = l - -70. Give i(y).
-13
Let x(u) = u**3 + 21*u**2 - 20*u - 11. Let j(w) = -13*w**2 - 1284*w + 275. Let z be j(-99). Give x(z).
-55
Let b be (-3)/(-3)*(1 - -8). Suppose 4*d - b*d = -10. Let j(i) = i + 7352 - 2*i**2 + i**3 - 3677 - 3674. What is j(d)?
3
Let r(d) = 22*d + 28 - 7*d**2 - 6*d - 5*d**2 + 389*d**3 - 390*d**3. Calculate r(-13).
-11
Let o(z) = 58*z - 72. Let f(a) = 35*a - 36. Let j(h) = -5*f(h) + 3*o(h). What is j(-32)?
-4
Let h(a) = -2*a - 29. Let t be h(-17). Let r = -68 + 73. Let j(y) = -r + 10 + 2*y - 7. What is j(t)?
8
Let w(p) = -3*p**3 - 28*p**2 - 11*p - 20. Suppose -128*y = -42*y + 774. Give w(y).
-2
Let o(c) = c**2 - 93*c - 9395. Let y be o(-61). Let t(i) be the first derivative of 35*i**3/3 + i**2 + i + 5. What is t(y)?
34
Let v(h) = -18*h**2 - h + 1. Suppose 7*n - n = 3*n. Suppose n*o = -4*o - 5*c - 11, 2*o + 2*c + 4 = 0. What is v(o)?
-18
Let k(q) = -3*q + 8*q + 2 - q. Let m = 51665 - 51662. Give k(m).
14
Let s(c) = 10 + 6*c**3 + 3*c + 9*c**3 - 2*c**2 + 3*c**3 + 17*c**3 - 36*c**3. Determine s(-3).
10
Let o(v) = v**3 + 12*v**2 - 12*v - 27. Let s(k) = 237*k + 224. Let i be s(-1). Determine o(i).
-40
Let n(q) = -q**3 - 24*q**2 - 21*q + 10. Let o = -33335 - -33312. What is n(o)?
-36
Suppose -4*z - 2*d - 34 = 0, -3*d - 13 = -16. Let q(s) = -s**3 - 9*s**2 + s + 4. Give q(z).
-5
Let q = -7321 + 7322. Let w(u) = -11*u**3 + 2*u**2 + 40*u - 41. Determine w(q).
-10
Suppose 0*m = -4*l - 2*m + 8, 2*m + 16 = 4*l. Let s(u) = 3*u**2 - 15*u - 9. Let g(x) = 2*x**2 - 7*x - 4. Let d(q) = l*s(q) - 5*g(q). Calculate d(-10).
-7
Let a be ((-3078)/(-456))/(6/(-8)). Let m(i) = -i**2 - 10*i - 5. Calculate m(a).
4
Let s(z) = -3*z**2 + 7*z + 12. Let r be (-9)/(-33)*(-40)/6 - 4/22. Determine s(r).
-14
Let h be ((-18)/(-15))/(3 - (-264)/(-80)). Let j be 1*3 + (-12 - -11). Let m(i) = i**2 - 3*i + j + 0*i + 4*i. What is m(h)?
14
Let o(z) = 46*z - 870. Let h be o(19). Let a(w) be the third derivative of -1/8*w**h + 0*w + 1/3*w**3 + 0 + 24*w**2. Give a(-2).
8
Let l(s) = -s**3 + 2*s**2 + 3*s**2 + 52 + 3*s**2 + 22980*s - 22989*s. Give l(8).
-20
Suppose 1965*z = 1874*z + 910. Let u(j) = -6*j + 56. Calculate u(z).
-4
Suppose 412 = 7*u - 400. Let d(n) = n + u - 211 + 103. Determine d(-12).
-4
Let q(f) = 3*f - 9. Let o(c) = 4*c**2 + 37*c + 19. Let u(x) = -x**2 - 9*x - 5. Let i(m) = 2*o(m) + 9*u(m). Let z be i(-4). Give q(z).
6
Let l(x) = 87 + 5*x**2 + 6*x - 12*x**2 - 42 + 6*x**2. What is l(10)?
5
Let a(j) = -3*j**2 + 13*j - 21. Suppose 74*w + 0*w = 18*w + 112. What is a(w)?
-7
Let j(p) = p**2 + 128*p + 726. Let l be j(-6). Let g(d) = -4*d**2 - 21*d - 5. Give g(l).
-23
Let y(t) = -2*t**2 - 5*t + 7. Suppose -8584 + 9242 = 94*m. Determine y(m).
-126
Let s = 4925 - 4942. Let o(r) = r**3 + 17*r**2 - 6*r - 102. Give o(s).
0
Let x(o) = 133*o + 116. Let q(t) = 188*t + 162. Let z(b) = 12*q(b) - 17*x(b). What is z(-8)?
12
Let h be (-8 - -12)/((-2)/16). Let o be (-4)/(-6) + h/3. Let a(l) = l**3 + 11*l**2 + 11*l + 5. Determine a(o).
-5
Let d be (-2 - 1)*(4/(-1))/12. Let n(v) = -128*v + d + 133*v + 0. Suppose -25 = 3*o - 28. What is n(o)?
6
Let s(l) = 106*l - 1319. Let c(p) = -36*p + 440. Let o(r) = -7*c(r) - 2*s(r). Give o(11).
-2
Let h(s) be the first derivative of -3*s - 3/2*s**2 + 2/3*s**3 - 4. Suppose -20*q - 1 = -61. What is h(q)?
6
Let m(d) be the second derivative of -d**5/20 - 3*d**4/4 + d**3/6 + 63*d**2/2 + 35*d. Calculate m(-8).
-9
Let k(r) = r**2 + 22*r + 0*r**2 - r - 5 - r + 0*r**2. What is k(0)?
-5
Let a(t) be the second derivative of -t**3/6 - 5*t**2 + 2574*t. Give a(6).
-16
Let i = -465 - -467. Let m(a) = 0*a**3 + 10 - 8*a**i + 24*a + a**3 - 10*a - 4*a**2. Determine m(10).
-50
Let p(a) = 33*a - 55. Let k(i) = -22*i + 39. Let d(g) = 7*k(g) + 5*p(g). Suppose 7*u - 5*u + 2 = 0. Let x be (u - -4) + -13 + 12. What is d(x)?
20
Let y(k) = k**2 - 3*k + 1. Let u be y(3). Let l be (2 - -8) + (-91)/13. Let q(f) = -f**l + 0 + f - 2*f + u + 2 + 4*f**2. Determine q(4).
-1
Let a(j) = 14*j**3 - j**2 + j + 1. Suppose 6*d - 4*l - 6 = 8*d, 5*l + 5 = -2*d. Let y(c) = -14*c - 71. Let h be y(d). Give a(h).
-15
Suppose -5*x + 2 + 8 = 0. Let g(u) = -20 + 22 - 40*u - u**x + 46*u. What is g(5)?
7
Let k(w) = -7*w + 66. Let v be ((-6)/15 + (-128)/(-80))/(1/5). Give k(v).
24
Let f(h) = 2*h**2 - 4*h - 17. Let t be f(5). Let q(s) = s**2 - 3*s - 132. Let y be q(t). Let m(a) = -12*a + 2. Determine m(y).
26
Let i(c) = 36*c**3 + 5 - 77*c**3 + 40*c**3 - 2*c - 5*c**2. Let v be i(-4). Let o(m) = -2*m - m**2 - 1 + 2*m. Calculate o(v).
-10
Suppose -n - 365*p = -369*p + 1, 0 = -4*n + 2*p + 24. Let q(g) = -4*g + 19. Calculate q(n).
-9
Let z(t) = 9*t - 27. Let a be z(-8). Let c = a - -103. Let j(m) = -c + 5*m - 6*m - m**2 + 1 + 4. Give j(0).
1
Let j = 466 - 457. Let z(x) = 2*x**2 + 25*x + 23. Let o(m) = m**2 + 12*m + 11. Let k(d) = j*o(d) - 4*z(d). What is k(-5)?
-8
Let z be ((-5)/2)/((-2)/4). Suppose 5*h = -2*p + 30, p + 0*p - z*h = -15. Let y(v) = -5*v - 2. Let w(i) = i. Let o(c) = -4*w(c) - y(c). Give o(p).
7
Let q(a) = a**2 + 20*a - 41. Let o be q(-22). Let s(x) = 9*x**2 - 9*x - 24. Let r(p) = p**2 - p - 5. Let l(c) = 5*r(c) - s(c). What is l(o)?
-25
Let i(k) = 10*k. Suppose 15*r + 4*h - 5 = 18*r, 0 = 5*r - 4*h + 3. Let u(v) = v**3 - v**2 - 3*v + 2. Let m be u(r). What is i(m)?
-10
Suppose -d = 2*l - 7*l + 13, 9 = 3*l - d. Suppose l*u - 2*q = 2*q - 52, 3*u = -q - 43. Let y be 2/8 - (1 + (-4)/u). Let p(x) = 23*x**2 + 2*x + 1. What is p(y)?
22
Let k(s) = 359088 + 28*s - 718221 + 359070. Determine k(2).
-7
Let y = -4 + -3. Let o(t) = t + 8. Let b(i) = 11*i - 12*i + 5 - 3 - 20. Let s(h) = b(h) + 2*o(h). Determine s(y).
-9
Let a(f) be the first derivative of -f**4/4 - 2*f**3 - 2*f**2 - f + 5. Let o be (-14700)/(-3750) + 1 + 23/(-25) - 9. Determine a(o).
-6
Let l(